{"id":588,"date":"2020-10-15T19:48:36","date_gmt":"2020-10-15T19:48:36","guid":{"rendered":"https:\/\/virtualvisions.es\/marketing\/?page_id=588"},"modified":"2021-03-23T13:52:32","modified_gmt":"2021-03-23T13:52:32","slug":"monetizacion-web","status":"publish","type":"page","link":"https:\/\/virtualvisions.es\/marketing\/monetizacion-web\/","title":{"rendered":"Monetizacion Web"},"content":{"rendered":"\t\t<div data-elementor-type=\"wp-page\" data-elementor-id=\"588\" class=\"elementor elementor-588\" data-elementor-post-type=\"page\">\n\t\t\t\t\t\t\t\t\t<section class=\"elementor-section elementor-top-section elementor-element elementor-element-4a9e4c39 elementor-section-height-min-height elementor-section-boxed elementor-section-height-default elementor-section-items-middle\" data-id=\"4a9e4c39\" data-element_type=\"section\" data-settings=\"{&quot;background_background&quot;:&quot;video&quot;,&quot;shape_divider_bottom&quot;:&quot;waves&quot;,&quot;background_video_link&quot;:&quot;https:\\\/\\\/youtu.be\\\/CZAOWAWHxCU&quot;,&quot;background_video_start&quot;:1}\">\n\t\t\t\t\t\t\t\t<div class=\"elementor-background-video-container elementor-hidden-phone\">\n\t\t\t\t\t\t\t\t\t\t\t\t\t<div class=\"elementor-background-video-embed\"><\/div>\n\t\t\t\t\t\t\t\t\t\t\t\t<\/div>\n\t\t\t\t\t\t\t\t\t<div class=\"elementor-background-overlay\"><\/div>\n\t\t\t\t\t\t<div class=\"elementor-shape elementor-shape-bottom\" data-negative=\"false\">\n\t\t\t<svg xmlns=\"http:\/\/www.w3.org\/2000\/svg\" viewBox=\"0 0 1000 100\" preserveAspectRatio=\"none\">\n\t<path class=\"elementor-shape-fill\" d=\"M421.9,6.5c22.6-2.5,51.5,0.4,75.5,5.3c23.6,4.9,70.9,23.5,100.5,35.7c75.8,32.2,133.7,44.5,192.6,49.7\n\tc23.6,2.1,48.7,3.5,103.4-2.5c54.7-6,106.2-25.6,106.2-25.6V0H0v30.3c0,0,72,32.6,158.4,30.5c39.2-0.7,92.8-6.7,134-22.4\n\tc21.2-8.1,52.2-18.2,79.7-24.2C399.3,7.9,411.6,7.5,421.9,6.5z\"\/>\n<\/svg>\t\t<\/div>\n\t\t\t\t\t<div class=\"elementor-container elementor-column-gap-default\">\n\t\t\t\t\t<div class=\"elementor-column elementor-col-100 elementor-top-column elementor-element elementor-element-2bc31933\" data-id=\"2bc31933\" data-element_type=\"column\">\n\t\t\t<div class=\"elementor-widget-wrap elementor-element-populated\">\n\t\t\t\t\t\t\t\t<div class=\"elementor-element elementor-element-5db6cfb3 elementor-widget elementor-widget-heading\" data-id=\"5db6cfb3\" data-element_type=\"widget\" data-widget_type=\"heading.default\">\n\t\t\t\t<div class=\"elementor-widget-container\">\n\t\t\t<h1 class=\"elementor-heading-title elementor-size-default\">Monetizaci\u00f3n de Sitios Web<\/h1>\t\t<\/div>\n\t\t\t\t<\/div>\n\t\t\t\t<div class=\"elementor-element elementor-element-15f64b33 elementor-widget elementor-widget-heading\" data-id=\"15f64b33\" data-element_type=\"widget\" data-widget_type=\"heading.default\">\n\t\t\t\t<div class=\"elementor-widget-container\">\n\t\t\t<h3 class=\"elementor-heading-title elementor-size-default\">\u00bfTiene una Web con un Tr\u00e1fico Considerable<br>y no le Saca un Rendimiento Econ\u00f3mico Aceptable?<\/h3>\t\t<\/div>\n\t\t\t\t<\/div>\n\t\t\t\t\t<\/div>\n\t\t<\/div>\n\t\t\t\t\t\t\t<\/div>\n\t\t<\/section>\n\t\t\t\t<section class=\"elementor-section elementor-top-section elementor-element elementor-element-757a5698 elementor-section-full_width elementor-section-height-default elementor-section-height-default\" data-id=\"757a5698\" data-element_type=\"section\">\n\t\t\t\t\t\t<div class=\"elementor-container elementor-column-gap-default\">\n\t\t\t\t\t<div class=\"elementor-column elementor-col-100 elementor-top-column elementor-element elementor-element-374613a0\" data-id=\"374613a0\" data-element_type=\"column\">\n\t\t\t<div class=\"elementor-widget-wrap elementor-element-populated\">\n\t\t\t\t\t\t\t\t<div class=\"elementor-element elementor-element-627884bd elementor-widget elementor-widget-heading\" data-id=\"627884bd\" data-element_type=\"widget\" data-widget_type=\"heading.default\">\n\t\t\t\t<div class=\"elementor-widget-container\">\n\t\t\t<h3 class=\"elementor-heading-title elementor-size-default\">el verdadero arte de conseguir dinero a trav\u00e9s de sus propias paginas<\/h3>\t\t<\/div>\n\t\t\t\t<\/div>\n\t\t\t\t<div class=\"elementor-element elementor-element-4870f925 elementor-widget elementor-widget-heading\" data-id=\"4870f925\" data-element_type=\"widget\" data-widget_type=\"heading.default\">\n\t\t\t\t<div class=\"elementor-widget-container\">\n\t\t\t<h2 class=\"elementor-heading-title elementor-size-default\">Monetizaci\u00f3n de P\u00e1ginas Web<\/h2>\t\t<\/div>\n\t\t\t\t<\/div>\n\t\t\t\t<div class=\"elementor-element elementor-element-53fadce9 elementor-widget elementor-widget-text-editor\" data-id=\"53fadce9\" data-element_type=\"widget\" data-widget_type=\"text-editor.default\">\n\t\t\t\t<div class=\"elementor-widget-container\">\n\t\t\t\t\t\t\t<p>\u00bfQuiere ganar dinero explotando su\/s p\u00e1gina\/s web y no sabe c\u00f3mo hacerlo?<\/p><p>D\u00e9jenos estudiar su arquitectura online y ofrecerle un estudio de posibilidades para sacarle el m\u00e1ximo partido a su\/s sitio\/s web, consiguiendo monetizarlos desde distintos puntos de vista.<\/p>\t\t\t\t\t\t<\/div>\n\t\t\t\t<\/div>\n\t\t\t\t\t<\/div>\n\t\t<\/div>\n\t\t\t\t\t\t\t<\/div>\n\t\t<\/section>\n\t\t\t\t<section class=\"elementor-section elementor-top-section elementor-element elementor-element-12ec0518 elementor-section-full_width elementor-section-height-default elementor-section-height-default\" data-id=\"12ec0518\" data-element_type=\"section\">\n\t\t\t\t\t\t<div class=\"elementor-container elementor-column-gap-default\">\n\t\t\t\t\t<div class=\"elementor-column elementor-col-100 elementor-top-column elementor-element elementor-element-6e71b5aa\" data-id=\"6e71b5aa\" data-element_type=\"column\">\n\t\t\t<div class=\"elementor-widget-wrap elementor-element-populated\">\n\t\t\t\t\t\t\t\t<div class=\"elementor-element elementor-element-74c68bcd elementor-widget-divider--view-line elementor-widget elementor-widget-divider\" data-id=\"74c68bcd\" data-element_type=\"widget\" data-widget_type=\"divider.default\">\n\t\t\t\t<div class=\"elementor-widget-container\">\n\t\t\t\t\t<div class=\"elementor-divider\">\n\t\t\t<span class=\"elementor-divider-separator\">\n\t\t\t\t\t\t<\/span>\n\t\t<\/div>\n\t\t\t\t<\/div>\n\t\t\t\t<\/div>\n\t\t\t\t\t<\/div>\n\t\t<\/div>\n\t\t\t\t\t\t\t<\/div>\n\t\t<\/section>\n\t\t\t\t<section class=\"elementor-section elementor-top-section elementor-element elementor-element-a2e373e elementor-section-full_width elementor-section-height-default elementor-section-height-default\" data-id=\"a2e373e\" data-element_type=\"section\">\n\t\t\t\t\t\t<div class=\"elementor-container elementor-column-gap-default\">\n\t\t\t\t\t<div class=\"elementor-column elementor-col-100 elementor-top-column elementor-element elementor-element-f57706b\" data-id=\"f57706b\" data-element_type=\"column\">\n\t\t\t<div class=\"elementor-widget-wrap elementor-element-populated\">\n\t\t\t\t\t\t\t\t<div class=\"elementor-element elementor-element-a88af79 elementor-widget elementor-widget-heading\" data-id=\"a88af79\" data-element_type=\"widget\" data-widget_type=\"heading.default\">\n\t\t\t\t<div class=\"elementor-widget-container\">\n\t\t\t<h4 class=\"elementor-heading-title elementor-size-default\">C\u00f3mo Conseguir Dinero con su P\u00e1gina Web<\/h4>\t\t<\/div>\n\t\t\t\t<\/div>\n\t\t\t\t<div class=\"elementor-element elementor-element-589fb829 elementor-widget elementor-widget-text-editor\" data-id=\"589fb829\" data-element_type=\"widget\" data-widget_type=\"text-editor.default\">\n\t\t\t\t<div class=\"elementor-widget-container\">\n\t\t\t\t\t\t\t<p style=\"text-align: justify;\">Esta es la pregunta del mill\u00f3n que muchos emprendedores se hacen. Todos quieren y pocos saben c\u00f3mo lograrlo.<\/p><p style=\"text-align: justify;\">Poco importa a lo que se dedique su web y al mercado al que se dirija: siempre habr\u00e1 posibilidades de monetizaci\u00f3n, el caso es encontrar las m\u00e1s adecuadas seg\u00fan su modelo de negocio.<\/p><p style=\"text-align: justify;\">Para ello, m\u00e9tase esto en la cabeza: <strong>tr\u00e1fico, tr\u00e1fico y m\u00e1s tr\u00e1fico.<\/strong> Cuantas m\u00e1s visitas tenga, m\u00e1s posibilidades tendr\u00e1 de hacer dinero y menos tiempo tendr\u00e1 que invertir.<\/p><p>Hay dos factores determinantes a la hora de emprender un proyecto web que tenga como objetivo la autogesti\u00f3n econ\u00f3mica, o lo que es lo mismo, la generaci\u00f3n de beneficios en piloto autom\u00e1tico: <strong>el tiempo y las m\u00e9tricas.<\/strong><\/p><p>\u00a0<\/p><p><strong><span style=\"color: #8b403f;\">El Tiempo<\/span><\/strong><\/p><p style=\"text-align: justify;\"><strong>El tiempo es vital<\/strong> y m\u00e1s a\u00fan si partimos de un proyecto desde 0.<\/p><p style=\"text-align: justify;\"><strong>Conseguir tr\u00e1fico<\/strong> para un sitio web es todo un arte y necesita mucha dedicaci\u00f3n, esfuerzo y recursos. Para ello, le recomendamos visite nuestros apartados <a href=\"https:\/\/marketing.virtualvisions.es\/posicionamiento-online\/seo-posicionamiento-buscadores\/\">SEO<\/a> y <a href=\"https:\/\/marketing.virtualvisions.es\/posicionamiento-online\/sem-posicionamiento-pago\/\">SEM<\/a>, donde le explicaremos c\u00f3mo conseguirlo.<\/p><p>\u00a0<\/p><p><strong><span style=\"color: #8b403f;\">Anal\u00edtica Web \/ Las M\u00e9tricas<\/span><\/strong><\/p><p>Al igual que dar tiempo a su web para conseguir tr\u00e1fico es fundamental, el <strong>poder medir<\/strong> todo lo que acontece en la misma no lo es menos.<\/p><p>No s\u00f3lo se trata de saber <strong>cu\u00e1ntas visitas<\/strong> est\u00e1 teniendo, sino tambi\u00e9n debe contar con otros datos relevantes a la hora de poder exponer su tr\u00e1fico a terceros: perfil de los visitantes, geolocalizaci\u00f3n, fuentes del tr\u00e1fico, incidencia social, palabras claves por las que se le localiza, etc.<\/p><p><strong>Recomendaci\u00f3n obligada:<\/strong> configurar un programa de <strong>anal\u00edtica web,<\/strong> tipo <a href=\"https:\/\/analytics.google.com\/analytics\/web\/provision\/#\/provision\">Google Analytics<\/a> o similar.<\/p>\t\t\t\t\t\t<\/div>\n\t\t\t\t<\/div>\n\t\t\t\t\t<\/div>\n\t\t<\/div>\n\t\t\t\t\t\t\t<\/div>\n\t\t<\/section>\n\t\t\t\t<section class=\"elementor-section elementor-top-section elementor-element elementor-element-5d8e2d6f elementor-section-content-middle elementor-reverse-mobile elementor-section-full_width elementor-section-height-default elementor-section-height-default\" data-id=\"5d8e2d6f\" data-element_type=\"section\" data-settings=\"{&quot;background_background&quot;:&quot;classic&quot;}\">\n\t\t\t\t\t\t<div class=\"elementor-container elementor-column-gap-no\">\n\t\t\t\t\t<div class=\"elementor-column elementor-col-50 elementor-top-column elementor-element elementor-element-53a09af\" data-id=\"53a09af\" data-element_type=\"column\">\n\t\t\t<div class=\"elementor-widget-wrap elementor-element-populated\">\n\t\t\t\t\t\t\t\t<div class=\"elementor-element elementor-element-5b7f395a elementor-widget elementor-widget-text-editor\" data-id=\"5b7f395a\" data-element_type=\"widget\" data-widget_type=\"text-editor.default\">\n\t\t\t\t<div class=\"elementor-widget-container\">\n\t\t\t\t\t\t\t<p>diferentes formas de monetizaci\u00f3n<\/p>\t\t\t\t\t\t<\/div>\n\t\t\t\t<\/div>\n\t\t\t\t<div class=\"elementor-element elementor-element-7c511b34 elementor-widget elementor-widget-text-editor\" data-id=\"7c511b34\" data-element_type=\"widget\" data-widget_type=\"text-editor.default\">\n\t\t\t\t<div class=\"elementor-widget-container\">\n\t\t\t\t\t\t\t<h3 class=\"elementor-heading-title elementor-size-default elementor-inline-editing pen\" style=\"font-size: 45px; text-transform: none; letter-spacing: -1px; font-family: 'Varela Round', sans-serif; line-height: 1.2em; color: #8b403f; text-align: start;\" data-elementor-setting-key=\"title\" data-pen-placeholder=\"Teclea aqu\u00ed...\">\u00bfC\u00f3mo Puede Conseguir Dinero con su Web?<\/h3>\t\t\t\t\t\t<\/div>\n\t\t\t\t<\/div>\n\t\t\t\t<div class=\"elementor-element elementor-element-c3272df elementor-widget elementor-widget-text-editor\" data-id=\"c3272df\" data-element_type=\"widget\" data-widget_type=\"text-editor.default\">\n\t\t\t\t<div class=\"elementor-widget-container\">\n\t\t\t\t\t\t\t<p>Nos permitimos enumerarle algunas de las formas de <strong>monetizaci\u00f3n web<\/strong> m\u00e1s usuales.<\/p><ul><li><strong>Uso de Adservers externos:<\/strong> existen programas de terceros que env\u00edan publicidad de pago directamente a su sitio web.<\/li><li><strong>Venta de espacios publicitarios<\/strong>: dentro de su propia p\u00e1gina, permita la publicidad en banners y otros formatos.<\/li><li><strong>Marketing de afiliaci\u00f3n<\/strong>: consiga comisiones uni\u00e9ndose a distintos programas de afiliados.<\/li><li><strong>Donaciones<\/strong>: solicite donaciones a sus usuarios a cambio de sus contenidos, configurando plataformas de pago <em>ad hoc<\/em>.<\/li><li><strong>Venta de sus propios productos<\/strong>: implemente una tienda online en su sitio web para la venta de sus propios productos o de terceros.<\/li><li><strong>Contenidos patrocinados<\/strong>: a trav\u00e9s de inercambio de enlaces o posts de pago a efectos SEO.<\/li><li><strong>Venta de su p\u00e1gina web:<\/strong> a veces, es incluso m\u00e1s factible plantearse el vender su sitio web.<\/li><li><strong>Implante una membres\u00eda<\/strong>: si el contenido que ofrece es de alto valor, los usuarios pagar\u00e1n para acceder a sus contenidos.<\/li><li><strong>Ofrezca cursos en l\u00ednea<\/strong>: comparta su know-how mientras gana dinero de manera autom\u00e1tica.<\/li><\/ul>\t\t\t\t\t\t<\/div>\n\t\t\t\t<\/div>\n\t\t\t\t\t<\/div>\n\t\t<\/div>\n\t\t\t\t<div class=\"elementor-column elementor-col-50 elementor-top-column elementor-element elementor-element-1bb378ff\" data-id=\"1bb378ff\" data-element_type=\"column\">\n\t\t\t<div class=\"elementor-widget-wrap elementor-element-populated\">\n\t\t\t\t\t\t\t\t<div class=\"elementor-element elementor-element-49ba4679 elementor-widget elementor-widget-image\" data-id=\"49ba4679\" data-element_type=\"widget\" data-widget_type=\"image.default\">\n\t\t\t\t<div class=\"elementor-widget-container\">\n\t\t\t\t\t\t\t\t\t\t\t\t<figure class=\"wp-caption\">\n\t\t\t\t\t\t\t\t\t\t<img decoding=\"async\" loading=\"lazy\" width=\"500\" height=\"333\" src=\"https:\/\/virtualvisions.es\/marketing\/wp-content\/uploads\/2021\/03\/monetizacion-web.jpg\" class=\"attachment-full size-full wp-image-1166\" alt=\"monetizacion-web\" srcset=\"https:\/\/virtualvisions.es\/marketing\/wp-content\/uploads\/2021\/03\/monetizacion-web.jpg 500w, https:\/\/virtualvisions.es\/marketing\/wp-content\/uploads\/2021\/03\/monetizacion-web-300x200.jpg 300w\" sizes=\"(max-width: 500px) 100vw, 500px\" \/>\t\t\t\t\t\t\t\t\t\t\t<figcaption class=\"widget-image-caption wp-caption-text\"><br>Existen multitud de formas de <b>monetizaci\u00f3n web,<\/b> pero no todas son v\u00e1lidas para todas las p\u00e1ginas.<br><br>Perm\u00edtanos estudiar su caso y mostrarle las m\u00e1s adecuadas seg\u00fan su modelo de negocio.<\/figcaption>\n\t\t\t\t\t\t\t\t\t\t<\/figure>\n\t\t\t\t\t\t\t\t\t<\/div>\n\t\t\t\t<\/div>\n\t\t\t\t<div class=\"elementor-element elementor-element-61d6942 elementor-widget-divider--view-line elementor-widget elementor-widget-divider\" data-id=\"61d6942\" data-element_type=\"widget\" data-widget_type=\"divider.default\">\n\t\t\t\t<div class=\"elementor-widget-container\">\n\t\t\t\t\t<div class=\"elementor-divider\">\n\t\t\t<span class=\"elementor-divider-separator\">\n\t\t\t\t\t\t<\/span>\n\t\t<\/div>\n\t\t\t\t<\/div>\n\t\t\t\t<\/div>\n\t\t\t\t<div class=\"elementor-element elementor-element-24a2bf9e elementor-widget elementor-widget-heading\" data-id=\"24a2bf9e\" data-element_type=\"widget\" data-widget_type=\"heading.default\">\n\t\t\t\t<div class=\"elementor-widget-container\">\n\t\t\t<h4 class=\"elementor-heading-title elementor-size-default\">\u00bfNecesita que le ayudemos a monetizar su web?<\/h4>\t\t<\/div>\n\t\t\t\t<\/div>\n\t\t\t\t<div class=\"elementor-element elementor-element-1eea49d5 elementor-button-align-stretch elementor-widget elementor-widget-form\" data-id=\"1eea49d5\" data-element_type=\"widget\" data-settings=\"{&quot;step_next_label&quot;:&quot;Next&quot;,&quot;step_previous_label&quot;:&quot;Previous&quot;,&quot;button_width&quot;:&quot;100&quot;,&quot;step_type&quot;:&quot;number_text&quot;,&quot;step_icon_shape&quot;:&quot;circle&quot;}\" data-widget_type=\"form.default\">\n\t\t\t\t<div class=\"elementor-widget-container\">\n\t\t\t\t\t<form class=\"elementor-form\" method=\"post\" name=\"Contacto P\u00e1gina monetizacion\">\n\t\t\t<input type=\"hidden\" name=\"post_id\" value=\"588\"\/>\n\t\t\t<input type=\"hidden\" name=\"form_id\" value=\"1eea49d5\"\/>\n\t\t\t<input type=\"hidden\" name=\"referer_title\" value=\"Virtual Visions Marketing\" \/>\n\n\t\t\t\n\t\t\t<div class=\"elementor-form-fields-wrapper elementor-labels-above\">\n\t\t\t\t\t\t\t\t<div class=\"elementor-field-type-text elementor-field-group elementor-column elementor-field-group-name elementor-col-100 elementor-field-required\">\n\t\t\t\t\t\t\t\t\t\t\t\t<label for=\"form-field-name\" class=\"elementor-field-label\">\n\t\t\t\t\t\t\t\tNombre*\t\t\t\t\t\t\t<\/label>\n\t\t\t\t\t\t\t\t\t\t\t\t\t\t<input size=\"1\" type=\"text\" name=\"form_fields[name]\" id=\"form-field-name\" class=\"elementor-field elementor-size-md  elementor-field-textual\" required=\"required\" aria-required=\"true\">\n\t\t\t\t\t\t\t\t\t\t\t<\/div>\n\t\t\t\t\t\t\t\t<div class=\"elementor-field-type-email elementor-field-group elementor-column elementor-field-group-email elementor-col-100 elementor-field-required\">\n\t\t\t\t\t\t\t\t\t\t\t\t<label for=\"form-field-email\" class=\"elementor-field-label\">\n\t\t\t\t\t\t\t\tEmail*\t\t\t\t\t\t\t<\/label>\n\t\t\t\t\t\t\t\t\t\t\t\t\t\t<input size=\"1\" type=\"email\" name=\"form_fields[email]\" id=\"form-field-email\" class=\"elementor-field elementor-size-md  elementor-field-textual\" required=\"required\" aria-required=\"true\">\n\t\t\t\t\t\t\t\t\t\t\t<\/div>\n\t\t\t\t\t\t\t\t<div class=\"elementor-field-type-textarea elementor-field-group elementor-column elementor-field-group-message elementor-col-100\">\n\t\t\t\t\t\t\t\t\t\t\t\t<label for=\"form-field-message\" class=\"elementor-field-label\">\n\t\t\t\t\t\t\t\t\u00bfAlgo que debamos saber?\t\t\t\t\t\t\t<\/label>\n\t\t\t\t\t\t<textarea class=\"elementor-field-textual elementor-field  elementor-size-md\" name=\"form_fields[message]\" id=\"form-field-message\" rows=\"4\"><\/textarea>\t\t\t\t<\/div>\n\t\t\t\t\t\t\t\t<div class=\"elementor-field-type-acceptance elementor-field-group elementor-column elementor-field-group-field_f604922 elementor-col-100 elementor-field-required\">\n\t\t\t\t\t\t\t<div class=\"elementor-field-subgroup\">\n\t\t\t<span class=\"elementor-field-option\">\n\t\t\t\t<input type=\"checkbox\" name=\"form_fields[field_f604922]\" id=\"form-field-field_f604922\" class=\"elementor-field elementor-size-md  elementor-acceptance-field\" required=\"required\" aria-required=\"true\">\n\t\t\t\t<label for=\"form-field-field_f604922\">Acepto los <a href=\"\/legal\/\">t\u00e9rminos legales<\/a> y la <a href=\"\/politica-de-privacidad\/\">pol\u00edtica de privacidad<\/a><\/label>\t\t\t<\/span>\n\t\t<\/div>\n\t\t\t\t\t\t<\/div>\n\t\t\t\t\t\t\t\t<div class=\"elementor-field-group elementor-column elementor-field-type-submit elementor-col-100 e-form__buttons\">\n\t\t\t\t\t<button type=\"submit\" class=\"elementor-button elementor-size-sm elementor-animation-grow\">\n\t\t\t\t\t\t<span >\n\t\t\t\t\t\t\t\t\t\t\t\t\t\t\t<span class=\" elementor-button-icon\">\n\t\t\t\t\t\t\t\t\t\t\t\t\t\t\t\t\t\t\t\t\t\t\t\t\t\t<\/span>\n\t\t\t\t\t\t\t\t\t\t\t\t\t\t\t\t\t\t\t\t\t\t<span class=\"elementor-button-text\">ENVIAR<\/span>\n\t\t\t\t\t\t\t\t\t\t\t\t\t<\/span>\n\t\t\t\t\t<\/button>\n\t\t\t\t<\/div>\n\t\t\t<\/div>\n\t\t<\/form>\n\t\t\t\t<\/div>\n\t\t\t\t<\/div>\n\t\t\t\t\t<\/div>\n\t\t<\/div>\n\t\t\t\t\t\t\t<\/div>\n\t\t<\/section>\n\t\t\t\t<section class=\"elementor-section elementor-top-section elementor-element elementor-element-43eb985a elementor-section-boxed elementor-section-height-default elementor-section-height-default\" data-id=\"43eb985a\" data-element_type=\"section\">\n\t\t\t\t\t\t<div class=\"elementor-container elementor-column-gap-default\">\n\t\t\t\t\t<div class=\"elementor-column elementor-col-100 elementor-top-column elementor-element elementor-element-781e93ed\" data-id=\"781e93ed\" data-element_type=\"column\">\n\t\t\t<div class=\"elementor-widget-wrap elementor-element-populated\">\n\t\t\t\t\t\t\t\t<div class=\"elementor-element elementor-element-4abb0ff6 elementor-widget elementor-widget-spacer\" data-id=\"4abb0ff6\" data-element_type=\"widget\" data-widget_type=\"spacer.default\">\n\t\t\t\t<div class=\"elementor-widget-container\">\n\t\t\t\t\t<div class=\"elementor-spacer\">\n\t\t\t<div class=\"elementor-spacer-inner\"><\/div>\n\t\t<\/div>\n\t\t\t\t<\/div>\n\t\t\t\t<\/div>\n\t\t\t\t\t<\/div>\n\t\t<\/div>\n\t\t\t\t\t\t\t<\/div>\n\t\t<\/section>\n\t\t\t\t\t\t\t<\/div>\n\t\t","protected":false},"excerpt":{"rendered":"<p>Monetizaci\u00f3n de Sitios Web \u00bfTiene una Web con un Tr\u00e1fico Considerabley no le Saca un Rendimiento Econ\u00f3mico Aceptable? el verdadero arte de conseguir dinero a trav\u00e9s de sus propias paginas Monetizaci\u00f3n de P\u00e1ginas Web \u00bfQuiere ganar dinero explotando su\/s p\u00e1gina\/s web y no sabe c\u00f3mo hacerlo? D\u00e9jenos estudiar su arquitectura online y ofrecerle un estudio&hellip;&nbsp;<a href=\"https:\/\/virtualvisions.es\/marketing\/monetizacion-web\/\" class=\"\" rel=\"bookmark\">Leer m\u00e1s &raquo;<span class=\"screen-reader-text\">Monetizacion Web<\/span><\/a><\/p>\n","protected":false},"author":1,"featured_media":0,"parent":0,"menu_order":0,"comment_status":"closed","ping_status":"closed","template":"","meta":{"neve_meta_sidebar":"full-width","neve_meta_container":"full-width","neve_meta_enable_content_width":"on","neve_meta_content_width":100,"neve_meta_title_alignment":"","neve_meta_author_avatar":"","neve_post_elements_order":"","neve_meta_disable_header":"","neve_meta_disable_footer":"","neve_meta_disable_title":"on","_ti_tpc_template_sync":false,"_ti_tpc_template_id":"","footnotes":""},"yst_prominent_words":[],"yoast_head":"<!-- This site is optimized with the Yoast SEO Premium plugin v14.6 - https:\/\/yoast.com\/wordpress\/plugins\/seo\/ -->\n<title>Monetizacion Web - Virtual Visions Marketing<\/title>\n<meta name=\"robots\" content=\"index, follow\" \/>\n<meta name=\"googlebot\" content=\"index, follow, max-snippet:-1, max-image-preview:large, max-video-preview:-1\" \/>\n<meta name=\"bingbot\" content=\"index, follow, max-snippet:-1, max-image-preview:large, max-video-preview:-1\" \/>\n<link rel=\"canonical\" href=\"https:\/\/virtualvisions.es\/marketing\/monetizacion-web\/\" \/>\n<meta property=\"og:locale\" content=\"es_ES\" \/>\n<meta property=\"og:type\" content=\"article\" \/>\n<meta property=\"og:title\" content=\"Monetizacion Web\" \/>\n<meta property=\"og:description\" content=\"Monetizaci\u00f3n de Sitios Web \u00bfTiene una Web con un Tr\u00e1fico Considerabley no le Saca un Rendimiento Econ\u00f3mico Aceptable? el verdadero arte de conseguir dinero a trav\u00e9s de sus propias paginas Monetizaci\u00f3n de P\u00e1ginas Web \u00bfQuiere ganar dinero explotando su\/s p\u00e1gina\/s web y no sabe c\u00f3mo hacerlo? D\u00e9jenos estudiar su arquitectura online y ofrecerle un estudio&hellip;&nbsp;Leer m\u00e1s &raquo;Monetizacion Web\" \/>\n<meta property=\"og:url\" content=\"https:\/\/virtualvisions.es\/marketing\/monetizacion-web\/\" \/>\n<meta property=\"og:site_name\" content=\"Virtual Visions Marketing\" \/>\n<meta property=\"article:modified_time\" content=\"2021-03-23T13:52:32+00:00\" \/>\n<meta property=\"og:image\" content=\"https:\/\/virtualvisions.es\/marketing\/wp-content\/uploads\/2021\/03\/monetizacion-web.jpg\" \/>\n<meta name=\"twitter:card\" content=\"summary_large_image\" \/>\n<script type=\"application\/ld+json\" class=\"yoast-schema-graph\">{\"@context\":\"https:\/\/schema.org\",\"@graph\":[{\"@type\":\"WebSite\",\"@id\":\"https:\/\/virtualvisions.es\/marketing\/#website\",\"url\":\"https:\/\/virtualvisions.es\/marketing\/\",\"name\":\"Virtual Visions Marketing\",\"description\":\"Digital\\u00edzate, este es el momento y Virtual Visions tu empresa especializada\",\"potentialAction\":[{\"@type\":\"SearchAction\",\"target\":\"https:\/\/virtualvisions.es\/marketing\/?s={search_term_string}\",\"query-input\":\"required name=search_term_string\"}],\"inLanguage\":\"es\"},{\"@type\":\"ImageObject\",\"@id\":\"https:\/\/virtualvisions.es\/marketing\/monetizacion-web\/#primaryimage\",\"inLanguage\":\"es\",\"url\":\"https:\/\/virtualvisions.es\/marketing\/wp-content\/uploads\/2021\/03\/monetizacion-web.jpg\",\"width\":500,\"height\":333,\"caption\":\"monetizacion-web\"},{\"@type\":\"WebPage\",\"@id\":\"https:\/\/virtualvisions.es\/marketing\/monetizacion-web\/#webpage\",\"url\":\"https:\/\/virtualvisions.es\/marketing\/monetizacion-web\/\",\"name\":\"Monetizacion Web - Virtual Visions Marketing\",\"isPartOf\":{\"@id\":\"https:\/\/virtualvisions.es\/marketing\/#website\"},\"primaryImageOfPage\":{\"@id\":\"https:\/\/virtualvisions.es\/marketing\/monetizacion-web\/#primaryimage\"},\"datePublished\":\"2020-10-15T19:48:36+00:00\",\"dateModified\":\"2021-03-23T13:52:32+00:00\",\"inLanguage\":\"es\",\"potentialAction\":[{\"@type\":\"ReadAction\",\"target\":[\"https:\/\/virtualvisions.es\/marketing\/monetizacion-web\/\"]}]}]}<\/script>\n<!-- \/ Yoast SEO Premium plugin. -->","_links":{"self":[{"href":"https:\/\/virtualvisions.es\/marketing\/wp-json\/wp\/v2\/pages\/588"}],"collection":[{"href":"https:\/\/virtualvisions.es\/marketing\/wp-json\/wp\/v2\/pages"}],"about":[{"href":"https:\/\/virtualvisions.es\/marketing\/wp-json\/wp\/v2\/types\/page"}],"author":[{"embeddable":true,"href":"https:\/\/virtualvisions.es\/marketing\/wp-json\/wp\/v2\/users\/1"}],"replies":[{"embeddable":true,"href":"https:\/\/virtualvisions.es\/marketing\/wp-json\/wp\/v2\/comments?post=588"}],"version-history":[{"count":18,"href":"https:\/\/virtualvisions.es\/marketing\/wp-json\/wp\/v2\/pages\/588\/revisions"}],"predecessor-version":[{"id":1174,"href":"https:\/\/virtualvisions.es\/marketing\/wp-json\/wp\/v2\/pages\/588\/revisions\/1174"}],"wp:attachment":[{"href":"https:\/\/virtualvisions.es\/marketing\/wp-json\/wp\/v2\/media?parent=588"}],"wp:term":[{"taxonomy":"yst_prominent_words","embeddable":true,"href":"https:\/\/virtualvisions.es\/marketing\/wp-json\/wp\/v2\/yst_prominent_words?post=588"}],"curies":[{"name":"wp","href":"https:\/\/api.w.org\/{rel}","templated":true}]}}